
What is the hundreds digit of 2781778274?
2
What is the units digit of 24034887?
7
What is the hundred thousands digit of 92161657?
1
What is the millions digit of 1915491903?
5
What is the thousands digit of 363520755?
0
What is the ten millions digit of 211496062?
1
What is the thousands digit of 36246695?
6
What is the thousands digit of 384582186?
2
What is the thousands digit of 3313399511?
9
What is the thousands digit of 1662620171?
0
What is the thousands digit of 1498444963?
4
What is the millions digit of 637533185?
7
What is the units digit of 30049947?
7
What is the units digit of 779381237?
7
What is the units digit of 5912420?
0
What is the thousands digit of 562933732?
3
What is the hundreds digit of 120169898?
8
What is the ten millions digit of 170946823?
7
What is the thousands digit of 4168041442?
1
What is the millions digit of 6287834086?
7
What is the tens digit of 25403928?
2
What is the tens digit of 88246786?
8
What is the ten thousands digit of 36609064?
0
What is the hundred thousands digit of 2566018886?
0
What is the millions digit of 127834581?
7
What is the ten thousands digit of 3990656762?
5
What is the millions digit of 2327826307?
7
What is the units digit of 645253963?
3
What is the units digit of 1081891461?
1
What is the units digit of 621011476?
6
What is the tens digit of 8663283?
8
What is the ten millions digit of 132687689?
3
What is the hundred millions digit of 143429563?
1
What is the millions digit of 42253796?
2
What is the millions digit of 4323469003?
3
What is the thousands digit of 248376665?
6
What is the hundred thousands digit of 187462462?
4
What is the ten millions digit of 35450749?
3
What is the hundreds digit of 3423893309?
3
What is the ten thousands digit of 150430260?
3
What is the tens digit of 1154243303?
0
What is the thousands digit of 1225135?
5
What is the millions digit of 645671371?
5
What is the hundreds digit of 493467627?
6
What is the ten millions digit of 45924125?
4
What is the ten thousands digit of 151182342?
8
What is the hundred millions digit of 1393687923?
3
What is the hundreds digit of 1105798506?
5
What is the tens digit of 1500209095?
9
What is the hundreds digit of 10002234?
2
What is the units digit of 1666382672?
2
What is the thousands digit of 145582717?
2
What is the hundred thousands digit of 1389677159?
6
What is the hundreds digit of 196003259?
2
What is the thousands digit of 2110772398?
2
What is the thousands digit of 2940653558?
3
What is the ten thousands digit of 131162865?
6
What is the ten millions digit of 42137191?
4
What is the ten thousands digit of 14517054?
1
What is the hundred thousands digit of 185840851?
8
What is the ten millions digit of 90840409?
9
What is the hundreds digit of 2152124326?
3
What is the hundreds digit of 243646354?
3
What is the ten thousands digit of 429159737?
5
What is the hundred thousands digit of 195354557?
3
What is the millions digit of 732475063?
2
What is the units digit of 270503302?
2
What is the millions digit of 2673206311?
3
What is the hundred millions digit of 400284487?
4
What is the thousands digit of 266719547?
9
What is the hundred thousands digit of 1032184032?
1
What is the hundred thousands digit of 1643660812?
6
What is the tens digit of 328095664?
6
What is the hundred millions digit of 1961474272?
9
What is the tens digit of 67321858?
5
What is the hundred thousands digit of 283870826?
8
What is the ten thousands digit of 1010235001?
3
What is the ten millions digit of 432974683?
3
What is the thousands digit of 2891674454?
4
What is the thousands digit of 145588383?
8
What is the tens digit of 810480053?
5
What is the units digit of 2690595?
5
What is the tens digit of 21023835?
3
What is the hundred thousands digit of 3613963?
6
What is the hundred thousands digit of 2087640771?
6
What is the millions digit of 888252144?
8
What is the hundred thousands digit of 12490168?
4
What is the hundred millions digit of 550504370?
5
What is the millions digit of 44954827?
4
What is the millions digit of 116725029?
6
What is the thousands digit of 28538641?
8
What is the hundred millions digit of 4049507163?
0
What is the hundreds digit of 290184371?
3
What is the ten millions digit of 169961317?
6
What is the ten millions digit of 3008875077?
0
What is the hundred millions digit of 2199085994?
1
What is the hundred millions digit of 3449491582?
4
What is the ten thousands digit of 663047432?
4
What is the hundreds digit of 276109431?
4
What is the thousands digit of 40112715?
2
What is the millions digit of 1061908777?
1
What is the thousands digit of 121257258?
7
What is the units digit of 730844642?
2
What is the thousands digit of 1364749113?
9
What is the hundred thousands digit of 147984930?
9
What is the tens digit of 86314436?
3
What is the hundred millions digit of 1320550424?
3
What is the tens digit of 298383015?
1
What is the units digit of 185645913?
3
What is the hundred millions digit of 2355255220?
3
What is the millions digit of 3145232309?
5
What is the tens digit of 2030736596?
9
What is the units digit of 363751115?
5
What is the thousands digit of 99863799?
3
What is the tens digit of 1774839161?
6
What is the hundreds digit of 2090618963?
9
What is the tens digit of 30928685?
8
What is the ten thousands digit of 2592749487?
4
What is the hundreds digit of 64638058?
0
What is the ten millions digit of 293189896?
9
What is the ten millions digit of 16618919?
1
What is the hundreds digit of 273810534?
5
What is the hundred thousands digit of 2915807554?
8
What is the ten thousands digit of 41126942?
2
What is the ten millions digit of 1231702809?
3
What is the units digit of 1014577235?
5
What is the thousands digit of 277282023?
2
What is the ten thousands digit of 2854043297?
4
What is the tens digit of 1130603047?
4
What is the hundred millions digit of 1884781352?
8
What is the thousands digit of 114495326?
5
What is the hundreds digit of 5623226819?
8
What is the tens digit of 275062398?
9
What is the tens digit of 87800624?
2
What is the millions digit of 162161151?
2
What is the hundreds digit of 3586972?
9
What is the ten millions digit of 1235897253?
3
What is the hundred millions digit of 456618471?
4
What is the units digit of 730187956?
6
What is the ten thousands digit of 133312935?
1
What is the units digit of 137353827?
7
What is the tens digit of 3850584195?
9
What is the hundred millions digit of 103562409?
1
What is the units digit of 677890282?
2
What is the billions digit of 1726553604?
1
What is the billions digit of 1596129795?
1
What is the units digit of 333441250?
0
What is the millions digit of 805326117?
5
What is the ten millions digit of 1702540559?
0
What is the ten thousands digit of 50353356?
5
What is the ten thousands digit of 7209690509?
9
What is the hundred millions digit of 3474495598?
4
What is the millions digit of 68953145?
8
What is the ten thousands digit of 83849585?
4
What is the units digit of 36796218?
8
What is the ten millions digit of 694877463?
9
What is the billions digit of 1101280714?
1
What is the units digit of 65856614?
4
What is the tens digit of 459845583?
8
What is the tens digit of 1270472045?
4
What is the millions digit of 365211107?
5
What is the ten millions digit of 182953943?
8
What is the tens digit of 1139596345?
4
What is the thousands digit of 39900820?
0
What is the hundreds digit of 94193360?
3
What is the tens digit of 3442517?
1
What is the hundred thousands digit of 1533285752?
2
What is the ten thousands digit of 5802955486?
5
What is the hundred thousands digit of 63362532?
3
What is the units digit of 47851389?
9
What is the hundred millions digit of 156550208?
1
What is the millions digit of 41424665?
1
What is the hundred millions digit of 942321439?
9
What is the hundred thousands digit of 224315601?
3
What is the millions digit of 29305946?
9
What is the units digit of 3413920177?
7
What is the units digit of 698210356?
6
What is the ten millions digit of 169716142?
6
What is the units digit of 82303276?
6
What is the hundred millions digit of 1316372565?
3
What is the thousands digit of 83313751?
3
What is the tens digit of 4117957938?
3
What is the thousands digit of 469798119?
8
What i